 Suppose -4*m = -r - 16, -2*m - m + r + 11 = 0. Suppose -p - 4*p = 2*v - 8, -2*p + 20 = m*v. List the prime factors of t(v).
7
Let k(n) = -2*n - 5. Suppose 0 = -3*g + 3 - 24. What are the prime factors of k(g)?
3
Let h be -3 + 0 + -2 + 8. Suppose -5*a - h*d + 25 = 0, -12 = -a - 5*d + 3*d. Suppose 4*p + 8 = -w + 22, a*p + 70 = 5*w. List the prime factors of w.
2, 7
Suppose -2*g - 3*q + 119 = 0, -2*q = -3*g - 11 + 209. List the prime factors of g.
2
Suppose 0 = 4*m - 3*m + 8. Let d = m - -13. Suppose d*n = -3*q + 16, 0*n + n - 17 = 4*q. What are the prime factors of n?
5
Let p = -12 + 43. Let h = p + -18. List the prime factors of h.
13
Suppose -5*n = -0*n - 10. Let h(z) = 2*z + 5. Let u be h(0). Suppose 3*s + n = -i + 8, -u*i + 49 = -4*s. What are the prime factors of i?
3
Let j(b) = b - 1. Let p be j(7). Let d = p - 8. What are the prime factors of (11/d + 2)*-2?
7
What are the prime factors of (1/3)/(8/408)?
17
Let o = -12 + 17. Let t(y) = 2*y. Let u be t(2). Suppose -u = o*a - 19. List the prime factors of a.
3
Suppose -5*i = -12 - 8. List the prime factors of i.
2
What are the prime factors of 2*-14*(-4)/16 - -3?
2, 5
Suppose 8 = -0*a + a + x, 3*a + 5*x - 14 = 0. List the prime factors of (1 + 1)/(a/247).
2, 19
Let m = -2 - -4. Let u be 2/(-4)*(2 - m). Suppose -5*n - o + 98 - 35 = u, -2*n + 2*o + 18 = 0. List the prime factors of n.
2, 3
Let x(v) = 7*v + 1. Let h be x(6). Let u = -30 + h. List the prime factors of u.
13
Suppose -5*x + 9 = -1. Suppose -2*b = -l + 1, 0*b - x*b - l + 5 = 0. What are the prime factors of (24/14)/(b/7)?
2, 3
Let d = -26 - -18. What are the prime factors of (-10)/d*(2 - -2)?
5
Let b(m) = -m**2 + 9*m - 10. Let k be b(8). Let j = k + 5. Suppose -h = -j*q - 11, -q - q = 2*h - 6. List the prime factors of h.
5
Let v(z) = z**3 + 14*z**2 - 12*z - 31. What are the prime factors of v(-13)?
2, 3, 7
Suppose -4*k - 11 = o, 2*o + 0 + 2 = -4*k. Suppose -7 = 4*z - 5*d, 0 = -4*z - 2*d + 5 + o. What are the prime factors of z?
2
Let x be (16/10)/((-2)/835). What are the prime factors of x/(-44) + (-2)/11?
3, 5
Let n(l) = l**3 - 8*l**2 + 7*l + 3. What are the prime factors of n(7)?
3
Let h(d) = -3*d - 9. Let i be h(-7). List the prime factors of 4/i + (-32)/(-3).
11
Let w(c) = -c**3 + 2*c**2 + 1. Let v be w(2). What are the prime factors of (v + -2)*(-2 - 0)?
2
Let r(v) = -v**2 - 8*v + 4. Let y be r(-7). Let p(x) = 3*x - 8. What are the prime factors of p(y)?
5
Let c = -4 - -7. List the prime factors of c.
3
Suppose 4*w = -0*w + 2*a + 18, 4*a + 12 = -4*w. Let q = w + 3. What are the prime factors of q?
5
Suppose r + 4*q = 14, 3*r = -0*q + q + 3. Suppose r*b = 5*b - 27. List the prime factors of b.
3
Suppose -4*j = 5*f - 347, -4*f + 341 + 86 = 5*j. What are the prime factors of j?
83
Let g(k) be the second derivative of k**3/6 - k**2/2 - 3*k. Let l be g(6). Suppose -l*p - 13 + 63 = 0. List the prime factors of p.
2, 5
Let t(q) = -q**3 + 4*q**2 - 3*q - 3. Let v be t(3). Let w(r) = r**3 + 6*r**2 + 4*r + 2. List the prime factors of w(v).
17
Let q be -8*(-3)/6*3. Suppose q = 2*r - r. List the prime factors of r.
2, 3
Suppose 7*v + 105 = 413. What are the prime factors of v?
2, 11
Let n = -8 + 18. What are the prime factors of n?
2, 5
Suppose -3*q + 5 = -2*o - 1, -5*o - 5*q + 35 = 0. What are the prime factors of 9 + o/(3/(-3))?
2, 3
Let a = -3 + 43. List the prime factors of a.
2, 5
Let u(n) = -n - 10. Let r be u(-15). Suppose r*j - 2*i - 11 = 0, -4*j + 3*i = -0*i - 6. List the prime factors of j.
3
Suppose -8*o - 20 = -4*o. Let s(p) = p**2 + 3*p - 5. What are the prime factors of s(o)?
5
Let h(f) be the second derivative of f**5/20 - f**3/6 - f**2 - 6*f. What are the prime factors of h(3)?
2, 11
Suppose 3*v + 2*v - 5 = 0. Let d be (-9)/3 - (v + 26). List the prime factors of ((-9)/6)/(3/d).
3, 5
Let b(q) = q**3 + 9*q**2 + 5*q + 9. List the prime factors of b(-7).
2, 3
Let x be 2 + -3 - (0 - -1). List the prime factors of 0 - ((x - 25) + 1).
2, 13
Suppose 0*d = 8*d - 184. List the prime factors of d.
23
Let j = 20 + 0. List the prime factors of j.
2, 5
Suppose 540 = 4*v + 28. Suppose -3*z = z - v. What are the prime factors of z?
2
Let g(v) be the second derivative of -v**2 - 3*v + 1/6*v**3 + 0. What are the prime factors of g(7)?
5
Suppose 0*g = 5*v + g - 904, -3*g - 184 = -v. What are the prime factors of v?
181
Suppose 0 = -z + 4*z - 3*a - 24, -3*z + 28 = -4*a. Suppose 3*l - z = l. Suppose 4*y = -12, 4*y = -l*i - 3*i + 8. What are the prime factors of i?
2
Suppose -v - 2*o = 4*v - 64, -4*v + o = -46. List the prime factors of v.
2, 3
Let i = 21 - -42. What are the prime factors of i?
3, 7
Let m(j) be the second derivative of j**4/12 + 2*j**3/3 - 5*j**2/2 + j. Let t be -1*(-3)/6*-12. What are the prime factors of m(t)?
7
Let t(d) = 2*d + d + 15 + d - 3*d. What are the prime factors of t(-5)?
2, 5
Let r(j) = -j**3 - 5*j**2 - 7*j + 8. What are the prime factors of r(-7)?
5, 31
Suppose 0 = f - 3 - 1. Suppose -f*p = -2*t - 76, 4*p - 109 = -p - t. List the prime factors of p.
3, 7
What are the prime factors of 2 + -2 + (8 - 4)?
2
Suppose -3*w + w = -64. What are the prime factors of w?
2
Let j = 9 - -5. Suppose -3*x - 2*z = -j, -3*x + 14 = -2*x + 3*z. List the prime factors of x.
2
Let q be 1 + 4 + -2 + 0. Suppose -13 = -q*j + 14. List the prime factors of j.
3
Suppose -44 - 1639 = -9*j. What are the prime factors of j?
11, 17
List the prime factors of 258/13 + (-20)/(-130).
2, 5
Let g be (10/(-6))/((-6)/180). Suppose 70 + g = 4*a. What are the prime factors of a?
2, 3, 5
Let d(l) = -l - 7. Let n be d(-5). What are the prime factors of 19/3 - n/3?
7
Let m(v) = v**2 - 6*v + 3. Let i be m(4). Let q = 11 + i. What are the prime factors of q?
2, 3
Let n be (3 - 8)*(-2)/(-5). What are the prime factors of 9 + (-4 - n) - -2?
3
Let u(r) = r**2 - 3*r - 13. What are the prime factors of u(6)?
5
Let h(f) = f**2 - 1. Let l be h(-2). List the prime factors of (81/3 + l)/2.
3, 5
List the prime factors of (84*1)/3 + 1.
29
Let s(t) = t**3 + 3*t**2 - 2*t. Suppose -1 - 5 = 3*u. List the prime factors of s(u).
2
Let m = 11 + -9. Let j = 18 - m. What are the prime factors of j?
2
Let u(n) = -78*n - 68. What are the prime factors of u(-5)?
2, 7, 23
Suppose 0 = -u + 3*q - 6*q + 17, q + 13 = 2*u. What are the prime factors of u?
2
Let x = 4 - -23. List the prime factors of x.
3
Suppose -2*m = -6*m + 192. List the prime factors of m.
2, 3
Let m = 10 - -105. What are the prime factors of m?
5, 23
Let l(p) = -p**2 + p + 4. Let n be l(-2). Suppose 3*s - 2*h = -4*h + 19, 0 = -5*s + 4*h + 39. Let r = s + n. What are the prime factors of r?
5
Suppose 0 = 3*h - 3 + 18. Let c(j) = j**2 + j - 3. What are the prime factors of c(h)?
17
Let a(n) = -32*n - 14 + 23*n + n**2 - 2*n**2. List the prime factors of a(-6).
2
Suppose 0*y + 38 = 2*y. Suppose b - y = -1. List the prime factors of b.
2, 3
Suppose 2*g + 5 = 15. Let y be 10/5 + (-2)/(-2). Let c = g - y. List the prime factors of c.
2
Let n(h) = h**3 - 6*h**2 - 10*h + 9. Let w be n(7). Let d = 19 + w. List the prime factors of d.
7
Suppose -m = m - 26. What are the prime factors of m?
13
Suppose -4 = 3*q - 4*q + i, 0 = -4*i + 8. Suppose -2*z - q = -5*z. Suppose 3*d = z*h + 36, -2 = -5*d + h + 58. What are the prime factors of d?
2, 3
Let c(t) be the first derivative of -t**4/4 + 4*t**3/3 + t**2/2 + 4*t + 2. What are the prime factors of c(4)?
2
Suppose 3*a - 215 = -2*a. Let l = 70 - a. What are the prime factors of l?
3
Let y be 51/3 + 4/2. Let m = y + -11. What are the prime factors of m?
2
Let i(y) = y**2 + 2*y + 2. Let z be i(-2). Let h(r) = 0*r + 2 + 7*r + 4*r - 4*r. List the prime factors of h(z).
2
Suppose 53 = -5*b - r, -3*b = -4*r + 23 - 5. Let a = b + 19. Suppose 0*j = -3*j + a. List the prime factors of j.
3
Suppose -b - 66 = -3*c, 0 = 4*c - 5*b - 29 - 59. List the prime factors of c.
2, 11
Let x = 95 - 54. List the prime factors of x.
41
Let x(i) = 2*i - 3. Let y be x(4). Suppose 104 = y*n - 36. List the prime factors of n.
2, 7
Let s = 1 + 1. Suppose -n = -s*n + 20. What are the prime factors of n?
2, 5
Let d(s) = s**2 + 8*s - 3. Let j be d(-6). Let x be (-132)/5 - 2/(-5). Let r = j - x. List the prime factors of r.
11
List the prime factors of ((-738)/15)/((-129)/30 - -4).
2, 41
Let a(t) = 2*t**3 - 7*t